s the ten millions digit of 7664222627?
6
What is the ten thousands digit of 8578160614?
6
What is the units digit of 1001179786?
6
What is the tens digit of 67262349?
4
What is the ten thousands digit of 67317555?
1
What is the thousands digit of 26904729?
4
What is the hundred millions digit of 326579571?
3
What is the hundreds digit of 79710784?
7
What is the ten millions digit of 256645693?
5
What is the ten thousands digit of 111812643?
1
What is the thousands digit of 755268499?
8
What is the ten millions digit of 626974768?
2
What is the tens digit of 781938306?
0
What is the tens digit of 2726780691?
9
What is the hundred millions digit of 104627777?
1
What is the millions digit of 51141060?
1
What is the ten thousands digit of 1064100099?
0
What is the millions digit of 8649454?
8
What is the ten millions digit of 1311695666?
1
What is the tens digit of 317085235?
3
What is the thousands digit of 1358317255?
7
What is the tens digit of 28316405?
0
What is the millions digit of 103330287?
3
What is the millions digit of 718554310?
8
What is the ten millions digit of 468662979?
6
What is the hundreds digit of 41597824?
8
What is the units digit of 63572449?
9
What is the hundreds digit of 62926385?
3
What is the millions digit of 252228020?
2
What is the hundreds digit of 21921354?
3
What is the millions digit of 552332602?
2
What is the thousands digit of 62651181?
1
What is the hundred thousands digit of 2967667510?
6
What is the hundred thousands digit of 237117325?
1
What is the thousands digit of 1164728749?
8
What is the thousands digit of 382186561?
6
What is the ten millions digit of 239374553?
3
What is the thousands digit of 749055300?
5
What is the tens digit of 4167497935?
3
What is the units digit of 4287133?
3
What is the tens digit of 85347005?
0
What is the ten millions digit of 708584237?
0
What is the units digit of 201193945?
5
What is the hundred thousands digit of 131944261?
9
What is the hundreds digit of 702916435?
4
What is the units digit of 52991329?
9
What is the hundred thousands digit of 213473586?
4
What is the hundred millions digit of 2137791679?
1
What is the ten thousands digit of 6173632?
7
What is the hundred thousands digit of 84987491?
9
What is the millions digit of 76658366?
6
What is the ten millions digit of 38124089?
3
What is the millions digit of 973214660?
3
What is the millions digit of 2922412912?
2
What is the ten thousands digit of 19689939?
8
What is the millions digit of 181014480?
1
What is the ten millions digit of 114446876?
1
What is the hundred millions digit of 1063161836?
0
What is the ten thousands digit of 33193590?
9
What is the billions digit of 1907168134?
1
What is the units digit of 2012069075?
5
What is the ten millions digit of 84885173?
8
What is the ten millions digit of 107829569?
0
What is the hundreds digit of 6785239?
2
What is the hundreds digit of 6781774?
7
What is the ten thousands digit of 125785551?
8
What is the tens digit of 177458989?
8
What is the tens digit of 165191398?
9
What is the units digit of 176462687?
7
What is the millions digit of 170520922?
0
What is the hundred thousands digit of 288764257?
7
What is the hundred thousands digit of 68555468?
5
What is the thousands digit of 215761940?
1
What is the thousands digit of 55601356?
1
What is the hundreds digit of 17664548?
5
What is the thousands digit of 697774397?
4
What is the hundred millions digit of 216644298?
2
What is the hundreds digit of 32286886?
8
What is the ten thousands digit of 877576518?
7
What is the ten millions digit of 1359749204?
5
What is the hundreds digit of 402227984?
9
What is the units digit of 22811417?
7
What is the hundreds digit of 63568775?
7
What is the thousands digit of 128062000?
2
What is the hundreds digit of 56134120?
1
What is the ten millions digit of 1280763475?
8
What is the ten millions digit of 419579021?
1
What is the thousands digit of 113117791?
7
What is the billions digit of 4076935164?
4
What is the ten thousands digit of 26385080?
8
What is the ten millions digit of 4385569128?
8
What is the billions digit of 1305726282?
1
What is the tens digit of 69007391?
9
What is the units digit of 34927330?
0
What is the ten thousands digit of 1265568043?
6
What is the tens digit of 2131996324?
2
What is the ten thousands digit of 77799310?
9
What is the ten millions digit of 1891627291?
9
What is the units digit of 490878562?
2
What is the thousands digit of 323053966?
3
What is the ten thousands digit of 928736705?
3
What is the hundreds digit of 171628763?
7
What is the hundreds digit of 16374723?
7
What is the hundreds digit of 1507420927?
9
What is the ten millions digit of 152601441?
5
What is the millions digit of 732735665?
2
What is the millions digit of 48456514?
8
What is the ten thousands digit of 80292329?
9
What is the billions digit of 1450994217?
1
What is the hundreds digit of 15430635?
6
What is the millions digit of 33548123?
3
What is the tens digit of 73149764?
6
What is the hundreds digit of 2751405039?
0
What is the units digit of 2482294039?
9
What is the hundred millions digit of 132816559?
1
What is the millions digit of 58246446?
8
What is the thousands digit of 1916537901?
7
What is the tens digit of 112561757?
5
What is the hundreds digit of 3061679693?
6
What is the thousands digit of 21433401?
3
What is the tens digit of 96663978?
7
What is the millions digit of 38604217?
8
What is the hundred millions digit of 114729664?
1
What is the hundreds digit of 46323499?
4
What is the units digit of 1211027137?
7
What is the units digit of 9722869?
9
What is the hundred millions digit of 521702825?
5
What is the hundreds digit of 697307577?
5
What is the ten thousands digit of 194166866?
6
What is the thousands digit of 31942632?
2
What is the units digit of 876988201?
1
What is the hundred thousands digit of 149476817?
4
What is the hundreds digit of 26109138?
1
What is the tens digit of 4879910730?
3
What is the hundreds digit of 32464786?
7
What is the ten thousands digit of 158318083?
1
What is the hundred millions digit of 374339654?
3
What is the billions digit of 1164835345?
1
What is the thousands digit of 3348670385?
0
What is the hundred millions digit of 2455594790?
4
What is the millions digit of 1200676567?
0
What is the hundred thousands digit of 194027206?
0
What is the ten thousands digit of 554119223?
1
What is the hundreds digit of 42763337?
3
What is the units digit of 176654797?
7
What is the tens digit of 1060465946?
4
What is the units digit of 29666215?
5
What is the tens digit of 132802497?
9
What is the hundred thousands digit of 62431693?
4
What is the thousands digit of 372551411?
1
What is the ten thousands digit of 224895247?
9
What is the tens digit of 12362470?
7
What is the ten millions digit of 156742070?
5
What is the units digit of 671797940?
0
What is the ten thousands digit of 3026877915?
7
What is the hundreds digit of 78469306?
3
What is the millions digit of 18376210?
8
What is the hundreds digit of 3985899884?
8
What is the tens digit of 125995785?
8
What is the hundreds digit of 733114763?
7
What is the hundred thousands digit of 66447584?
4
What is the billions digit of 1260926897?
1
What is the hundreds digit of 112796965?
9
What is the millions digit of 159922742?
9
What is the ten millions digit of 285505166?
8
What is the hundred millions digit of 300236990?
3
What is the hundreds digit of 510365518?
5
What is the millions digit of 23186845?
3
What is the millions digit of 10276447?
0
What is the ten millions digit of 52933812?
5
What is the hundreds digit of 655947098?
0
What is the ten thousands digit of 73659495?
5
What is the tens digit of 143752795?
9
What is the hundreds digit of 1115649253?
2
What is the tens digit of 3190417407?
0
What is the units digit of 14641542?
2
What is the thousands digit of 104561182?
1
What is the hundred millions digit of 118512547?
1
What is the millions digit of 1454911058?
4
What is the units digit of 514188982?
2
What is the ten thousands digit of 55685133?
8
What is the hundreds digit of 90121153?
1
What is the ten thousands digit of 1032463326?
6
What is the millions digit of 1814801855?
4
What is the tens digit of 18827326?
2
What is the b